*m - 148 = 4*v, 3*v + n = m + 4*m. Calculate the remainder when m is divided by 9.
5
Suppose 2*o - 3*c = -2*c + 128, -c + 128 = 2*o. Suppose -5*x + o = 2*i - 1, -x = 5*i + 10. What is the remainder when x is divided by 13?
2
Suppose -538 = -4*m - 2*b, -4*m + 3*b + 760 = 227. Calculate the remainder when 1825 is divided by m.
83
Let n be (0 + -1)*56/(-8). Let c(h) = 0*h - 4 - 7*h - h + 5*h**2. Calculate the remainder when c(n) is divided by 31.
30
Let n(g) = -g**3 + 12*g**2 - 8*g + 306. Suppose 4*y + 411 - 1455 = 0. Calculate the remainder when y is divided by n(13).
30
Suppose -r - 5*z = -8, -2*z - 239 = -2*r - 211. Let b(k) = 10*k**2 - 4*k + 4. Let s be b(-4). Suppose -u + s = u. What is the remainder when u is divided by r?
12
Calculate the remainder when 0 + (34/(-14) + 2 - (-414518)/749) is divided by 34.
9
Let y(f) be the third derivative of -5*f**4/8 - 54*f**3 - 51*f**2. What is the remainder when y(-34) is divided by 9?
6
Suppose 1811 = 2*d - u, 0 = 4*d + 155*u - 153*u - 3634. What is the remainder when 928 is divided by d?
21
Suppose -y = 5*n + 5, -y - 651 + 686 = -3*n. Calculate the remainder when 509 is divided by y.
9
Let l = -35 - -21. Let x(f) = f**2 + 13*f - 9. Let m be x(l). Suppose m = -2*i + 21. What is the remainder when 15 is divided by i?
7
Let k be ((-114)/36 - (-1)/6) + 5. Let s = 52 - k. What is the remainder when 185 is divided by (s - (9 + -4)) + (1 - -1)?
44
Let p = 84409 - 84405. Suppose 4*a - 323 = 33. Calculate the remainder when a is divided by p.
1
Let m(x) = 11*x**2 + 4*x + 4. Let q be (-4 + 1)*(-18 - -17). Suppose -6 = 6*u - q*u. What is the remainder when m(u) is divided by 14?
12
Let l(v) = v**3 + 9*v**2 - 9*v + 13. Let x be l(-10). Let d be (5/x - 1)*3. Let q = d + 9. Calculate the remainder when 19 is divided by q.
8
Let m(p) be the third derivative of -p**5/60 + 23*p**4/24 - 55*p**3/3 - 308*p**2. What is the remainder when 79 is divided by m(13)?
19
Suppose -26*s + 4 = -28*s. What is the remainder when (3 - (8 + s)) + 73 is divided by 12?
10
Suppose -11*f = -15*f - 20, 5*i - 2*f = -25. Let j be 2/(-8) + 18/8. What is the remainder when j/i - (-275)/7 is divided by 10?
9
Let d be 16/28 + (-72)/(-21). Suppose -4*i = -3*r + 37, 0*r + d*r - 54 = 3*i. Calculate the remainder when 78 is divided by r.
3
Let d = 18655 - 18552. Suppose 2*j + 175 = 7*j. Calculate the remainder when d is divided by j.
33
Let o = -58 + 72. Suppose -77 = -41*p + 620. Calculate the remainder when p is divided by o.
3
Let a(i) = -6*i + 3*i - 1 - 2 - i. What is the remainder when (-42)/(-23 - 2136/(-96)) is divided by a(-8)?
27
Let q(p) = p**3 - 8*p**2 - 49*p + 365. Calculate the remainder when 674 is divided by q(10).
74
Let y be -1*(-1 + 3) + -63 + 2. Let v be y/(-18) - 1/(-4)*-2. Suppose s = 34 - v. Calculate the remainder when 59 is divided by s.
28
Let m(p) = p - 50. Let h(c) = 2*c - 50. Let x(j) = -4*h(j) + 5*m(j). Let w be x(-16). Let r = 5 - w. What is the remainder when 26 is divided by r?
5
Let l(d) = -d + 2. Let r(b) = 7*b - 118. Let c(n) = -5*l(n) - r(n). Calculate the remainder when c(-17) is divided by 21.
16
Let h(f) be the second derivative of -f + 1/12*f**4 + 0 + f**3 - 4*f**2. Calculate the remainder when 30 is divided by h(-8).
6
Let m be ((-1)/6 - 7/(-6)) + -5. What is the remainder when ((-3)/(-3))/((-2)/(-12)) is divided by 24/3*(87/(-24) - m)?
0
Let j = -812 - -812. Suppose j = f - 42 + 23. Calculate the remainder when 529 is divided by f.
16
Let z(u) = 2*u**2 + u + 16. Let i be 40/100 + (-266)/(-10). Suppose 0 = 3*l + 3*t + i, 2*t - 6 = 2*l - 2*t. Calculate the remainder when z(l) is divided by 27.
26
Suppose 4*l - 78 - 120 = -14*l. What is the remainder when 98 is divided by l?
10
Suppose -2*z + x + 12 = -1, -4*x = -z + 24. Suppose z*f + 2 = 34. Calculate the remainder when f is divided by 6/(-9)*27/(-18).
0
Let j = -4 - -12. Let x be 1/(-4) - (-1930)/j. Suppose -4*d + 196 = -4*w, -6*d = -d - 3*w - x. What is the remainder when d is divided by 16?
15
Let m = 2536 - 2530. Calculate the remainder when 115 is divided by m.
1
Let x be 108 + ((-32)/(-14) - (-22)/(-77)). Suppose 5*i = -5*i + x. Let y = i + 16. What is the remainder when 105 is divided by y?
24
Let u(o) = -5*o**2 - 159*o - 112. What is the remainder when 695 is divided by u(-31)?
11
What is the remainder when 5115/15 + -13 + -5 is divided by 153?
17
Let l(b) = -35*b - 763. What is the remainder when 1193 is divided by l(-33)?
17
Suppose -17 = -4*b - 5. Suppose 3*z = b*t - 2*z - 17, 4*z = -3*t + 62. Let k = 20 - t. What is the remainder when 7 is divided by k?
1
Let k(g) = g**3 + 8*g**2 - 10*g + 13. Calculate the remainder when 43 - (18 + -28 + 11) is divided by k(-9).
20
Let x(t) = t**2 + 0*t**2 - 9 - 3*t + 1. Let i(f) = f**3 - 6*f**2 - 13*f - 30. Let y be i(8). What is the remainder when x(y) is divided by 16?
14
Let f(u) be the first derivative of 7/2*u**2 + u**3 + 38 - 11*u. What is the remainder when f(-7) is divided by 22?
21
Let m = 7021 + -4001. Suppose -2*o - o = -5*x + m, -2014 = 2*o - 3*x. What is the remainder when (-8)/(-2) + o/(-10) is divided by 27?
24
Suppose w - 178 = -10*g, 27 = -w + 3*g + 218. Calculate the remainder when 726 is divided by w.
162
Calculate the remainder when ((-1731)/(-15))/(25/125) is divided by 173.
58
Suppose 2 = b, -4*b + 1811 = 3*c + 363. Let i = c - 442. Calculate the remainder when i is divided by 36.
2
Suppose 2*z - 15 = -9. Suppose 0 = -z*v + 4*n + 8, 3*n = 3*v + 2*n - 11. Calculate the remainder when v is divided by 1.
0
Suppose -10*w = -948 + 498. Calculate the remainder when w is divided by 26.
19
Let s(k) = -k**3 - 18*k**2 - 12*k - 58. What is the remainder when 640 is divided by s(-18)?
8
Calculate the remainder when 2222*-1*(-13)/(351/54) is divided by 13.
11
Suppose -511*q + 505*q + 36 = 0. Suppose -3*p = 2*z - 2515, 0 = 2*p + z - q*z - 1645. What is the remainder when p is divided by 22?
21
Suppose -42*x - 348 + 2776 - 34 = 0. What is the remainder when 1022 is divided by x?
53
Suppose 0 = -10*x + 7*x + 6. Let o = -24 + 30. What is the remainder when 88 is divided by (6*x/o)/(2/23)?
19
Let t = -3107 + 3205. What is the remainder when t is divided by 86?
12
Let n = 269 - 207. Suppose -4*o + 3*m + n + 172 = 0, 3*o = -2*m + 184. Calculate the remainder when o is divided by 21.
18
Calculate the remainder when 2127 is divided by ((-1860)/75)/(((-140)/25)/14).
19
Let h be 4/18 - 66052/126. Let z be (95/(-10))/(2/h). Suppose 13*n + 786 = z. Calculate the remainder when n is divided by 45.
41
Calculate the remainder when 13 + (-38 - -12) + 429 is divided by 20.
16
Let w = 2110 + -2082. Calculate the remainder when 851 is divided by w.
11
Suppose -5*r + x = -303, 3*r - 191 = -x - 3*x. Let d(u) = u**2 - 12*u + 24. Let w = 14 - 3. Calculate the remainder when r is divided by d(w).
9
Let f = 8658 + -3865. Calculate the remainder when f is divided by 44.
41
Let o = -5915 + 5935. Calculate the remainder when 141 is divided by o.
1
Let j(i) be the first derivative of -i**2/2 + 20*i - 3. Calculate the remainder when -6*((-161)/(-42) - 6) is divided by j(12).
5
What is the remainder when 36792 is divided by (-1*5/(-15))/((-1072)/360 + 3)?
12
Suppose -a + 43 = -11*c + 14*c, a - 71 = 4*c. Suppose 3*q = 93 - 36. Calculate the remainder when a is divided by q.
17
Let u(i) = -i**3 - 6*i**2 - i + 5. Let m = -33 - -33. Suppose a - 5*z = 24, m = -2*a - 3*a - 5*z. Calculate the remainder when u(-6) is divided by a.
3
Let k(q) = 2*q**2 + 166*q + 2686. What is the remainder when k(-19) is divided by 1?
0
Suppose -30 = -s - 3*g + 97, -5*g = 8*s - 1149. What is the remainder when 718 is divided by s?
126
Suppose -2587 = -4*u - 4*g + 3373, -2*g = 0. Suppose 8*s + 546 = u. Let i = 11 - -13. What is the remainder when s is divided by i?
22
Suppose 186 = 5*q + 3*i, 15*i - 4 = 13*i. What is the remainder when q is divided by (0 - -5) + 1*2?
1
Calculate the remainder when (((-60)/(-25))/12 - (-9)/30)*4702 is divided by 21.
20
Let f = 24624 - 24447. Calculate the remainder when f is divided by 36.
33
Let z(d) = -d**2 + d - 1. Let f(t) = -2*t**2 - 11*t - 21. Let x(h) = f(h) - 3*z(h). Suppose 13*s = 312 + 377. What is the remainder when x(-8) is divided by s?
52
Let m be (3311/44 - (-12)/2)*-4. What is the remainder when 82 is divided b